0. What is the tens digit of f(z)?
3
Let p be (-4)/(-12)*3*-10. Let i(g) = 2*g**2 + 12*g - 5. What is the tens digit of i(p)?
7
Let k = 1283 + -852. What is the hundreds digit of k?
4
What is the units digit of (-70)/(-4)*(68172/(-91))/(-23)?
0
Let d = 455 - 168. What is the hundreds digit of d?
2
Let b be -93*-3*4/36. Let a = 52 - b. Let s = a + -4. What is the tens digit of s?
1
Suppose o = -61 + 604. What is the hundreds digit of o?
5
Let f(w) = -6*w**3 + 11*w**2 + 245*w - 16. What is the hundreds digit of f(-10)?
6
Let u = 886 + -367. What is the tens digit of u?
1
Let w(f) = 28*f**2 - 6*f + 24. Let h be w(4). Let j = -221 + h. What is the hundreds digit of j?
2
Let l(v) = v**2 + 5*v. Let s be l(-5). Suppose 5*f + 5 = s, -3*f - 165 = 4*g - 6*f. What is the tens digit of (0 - 3) + g/(-2)?
1
Let y(r) = -5*r + 6. Let d be y(9). Let s = 68 + d. Let j = s - 4. What is the units digit of j?
5
Let c(q) = -q**2 + 11*q + 14. Let h be c(12). Let j(x) = 37*x + 3. What is the units digit of j(h)?
7
Suppose 67*f + 7103 - 94270 = 0. What is the thousands digit of f?
1
Let d(c) be the second derivative of c**6/240 - c**5/24 + c**4/2 + 6*c. Let h(f) be the third derivative of d(f). What is the units digit of h(4)?
7
Suppose -1777 = -3*w - 5*r + 150, 3*r = -4*w + 2584. What is the tens digit of w?
4
Let a be -5 - 98*(-1 + 0). Suppose -137 = -2*h - 3*v, -a - 191 = -4*h - 4*v. What is the tens digit of h?
7
Let v = 27 + -10. Suppose -4*t + 4*a = 0, t - 2*a + 15 = 4*t. Suppose m - 6*m = -4*j, j - v = -t*m. What is the units digit of m?
4
Let h(m) = m**3 + 6*m**2 + 6*m + 3. Suppose 0 = -4*w - 0*w + 16. Let u(c) = c**3 - 3*c**2 - 4*c - 4. Let g be u(w). What is the tens digit of h(g)?
1
Let v(y) = -62*y + 258. What is the tens digit of v(-34)?
6
Let b(y) be the second derivative of -y**5/20 + 7*y**4/12 - 4*y**3/3 - y**2/2 + 3*y. Let i be b(4). What is the tens digit of (186/i)/(8/20)?
3
Suppose 18*s - 117 - 27 = 0. Let i = -9 - -22. Suppose -i*r + s*r + 40 = 0. What is the units digit of r?
8
Let v(b) = 99 + 7*b**2 - b - 99. What is the units digit of v(-2)?
0
Suppose 7933 + 4707 = 8*s. What is the thousands digit of s?
1
Suppose 0*m = -m + 69. Let c = m - 99. Let j = -15 - c. What is the tens digit of j?
1
Suppose 8*s = 11*s - 12. Suppose 78 = -s*d - 50. What is the units digit of ((-408)/d)/(9/24)?
4
Let j = 3 - -6. Suppose 3*z = -4*n + j + 146, -z - 85 = -2*n. Let u = 90 - n. What is the tens digit of u?
4
Let u = -109 - 18. Let n = 150 + u. What is the tens digit of n?
2
Let i(z) be the first derivative of -15*z**2/2 - z - 30. What is the tens digit of i(-9)?
3
Let h = 8 + -12. Let s(i) = 2*i**2 + 2*i - 2. What is the units digit of s(h)?
2
Let y(x) = 163*x**3 + x**2 + 2*x - 6. What is the units digit of y(2)?
6
Suppose 5*u - 5*n = 7*u - 2399, -5*n = -25. What is the hundreds digit of u?
1
Let r be 2 + 0 + (-3)/((-6)/(-100)). Let i = r + 97. What is the units digit of i?
9
Suppose 0 = -2*s + 6*s - 720. Suppose s = 19*i - 4*i. What is the units digit of i?
2
Let t = 3627 - 2240. What is the tens digit of t?
8
Let d(j) = -j**2 - 5*j - 7. Let t be d(-4). What is the tens digit of 1 + (1 - t) + 68?
7
Let t be (350/60 - 2) + (-2)/(-12). Let c = 232 - 161. Suppose 5*l - c = t. What is the units digit of l?
5
Let c = 52 - -469. What is the tens digit of c?
2
Let h(t) = t**2 - 5*t - 14. Let g be h(0). What is the tens digit of (13 - 4)*(-1)/2*g?
6
Suppose -2*q = q - 15. Suppose q*w + 3*v = 4*v + 254, 2*w - 2*v - 100 = 0. What is the units digit of w?
1
What is the tens digit of -74*(2 - (-2 + 5))?
7
Let y(j) = -j**3 + 10*j**2 - 8*j - 9. Let c be y(9). Suppose 4*w + g + 0*g - 11 = c, 4*w = 5*g + 17. Let u = 8 - w. What is the units digit of u?
5
Let b(k) = -k**3 + 14*k**2 - 25*k + 30. Let m be b(12). Let g be -4 - ((2 - 0) + -2). What is the units digit of g/m + 74/9?
8
What is the units digit of 1955/30 - (-1)/(-6)?
5
Suppose -44022 = 14*n - 43*n. What is the hundreds digit of n?
5
Let n = -27 + 29. Let c be (n - 17)/(2/(-38)). Suppose 0 = -13*o + 18*o - c. What is the units digit of o?
7
Suppose 5*g + 3 = 4*t, -4*t - 5*g = -2*t - 9. Suppose 2*j = -2*a - 46, -j + 0*j - 41 = t*a. What is the units digit of (a - 0)*12/(-18)?
2
Let q(h) = 1. Let p(a) = a - 8. Let t(v) = -p(v) - 5*q(v). Let j be t(9). What is the units digit of (33/(-6))/(3/j)?
1
Let p be ((-6)/2)/((-21)/(-35)). What is the tens digit of ((-46)/6)/(p/60)?
9
Let r(w) = w**2 - 5*w + 4. Let s be r(4). What is the tens digit of 75 - -1 - (-3)/12*s?
7
Let z = 3781 + -1583. What is the tens digit of z?
9
Let q(z) = -z - 1. Suppose -4*t + 0*t - 12 = 0. Let w be q(t). Suppose -3*i - 7*m + 44 = -w*m, i = -3*m + 16. What is the units digit of i?
3
Suppose -8*d + 12230 = -2202. What is the units digit of d?
4
What is the thousands digit of 50/75 + 19479/9?
2
Let o(l) = -2*l**2 - 17 + 28*l + 12 + l**2 + 10. What is the units digit of o(17)?
2
Let w(d) = d**3 - 8*d**2 - 6*d - 3. Let l(c) = -c**3 + 8*c**2 + 6*c + 2. Let b(i) = 2*l(i) + 3*w(i). What is the tens digit of b(9)?
2
Let t be 2 - (-21)/(-15) - 282/(-5). Suppose 0 = -2*b + 229 - t. What is the units digit of b?
6
Suppose 2*b - 3 = 3*m, -4*b - m = -4*m - 3. Suppose -3*o + 175 = o + s, b = -3*o - 5*s + 144. What is the units digit of o?
3
Let t be ((-160)/6)/(4/(-18)). Let w be 16/t + (-2)/15. Suppose -5*r + 153 + 97 = w. What is the units digit of r?
0
Let y(c) = -302*c - 121. What is the thousands digit of y(-4)?
1
Let a = -29 - -19. Let m be -2*(-5)/(a/(-3)). Let f = m + -1. What is the units digit of f?
2
Let u(j) = 719*j**2 + 5*j - 8. What is the tens digit of u(1)?
1
Let b(a) = 2*a**3 + a + 1698. What is the thousands digit of b(0)?
1
Let h(o) = 7*o**2 + 3*o + 2. Let f be 10/(-4)*4/5. What is the tens digit of h(f)?
2
Suppose -2 = -v + 5*a - 23, -v + 2*a - 6 = 0. Suppose 25 = -v*i - i, -2*m = i + 21. Let g = m - -13. What is the units digit of g?
5
Let a be 32/12*(-3)/(-2). Let b(q) = 8 + a*q**2 - 6 - 2*q**2 + 2*q + 0*q**2. What is the units digit of b(-3)?
4
Let r(q) = q**2 - 4*q + 9. Let u be r(9). Let t = -31 + u. What is the units digit of t?
3
Let x be 2/(25/9 + -3). Let m be 0 + (-3)/(x/(-138)). Let o = -27 - m. What is the units digit of o?
9
Let c = 14 - 1. Suppose c*i - 340 = 9*i. What is the tens digit of i?
8
Suppose 5*d - q - 7 = 5, -4*d + 18 = -5*q. Suppose -y + 90 = d*y. What is the units digit of y?
0
Suppose -4*a + 3754 = -2*a - 2*d, -a - 5*d = -1889. What is the units digit of a?
9
Let r = 40 + 658. What is the units digit of r?
8
Let o(a) = 6*a**2 + 23*a + 138. What is the units digit of o(-13)?
3
Suppose 5*a - 1389 = -429. Let l(k) = 16*k + 338. Let r be l(-21). Suppose 2*z = -r*z + a. What is the units digit of z?
8
Suppose n = 3*p + 4201, p = 3*p - 2. What is the hundreds digit of n?
2
Let f = -78 - -338. What is the units digit of f?
0
Let v(l) = 4*l**3 + 11*l**2 + 5*l - 72. What is the thousands digit of v(6)?
1
Suppose -2069*o + 2078*o - 3960 = 0. What is the units digit of o?
0
Suppose 4*w = -4*b + 8532, b = -4*w + 1158 + 984. Suppose -3*c = 7*c - b. What is the hundreds digit of c?
2
Suppose 4 = f - 3*q, 5*q = 3*f + 2*f - 30. Suppose 65 = -f*v + 12*v. Suppose -v = -4*u + 23. What is the units digit of u?
9
Let l = -168 + 96. What is the tens digit of (-1928)/l - 2/(-9)?
2
Let i(j) = 4*j - 22. Let n be i(7). Suppose 120 = -2*s + n*s. What is the tens digit of s?
3
Let n(k) be the second derivative of 2*k**4/3 + 2*k**3/3 - 5*k**2/2 - 31*k. Let h = 2 - 0. What is the units digit of n(h)?
5
Let c = -80 + 79. What is the hundreds digit of -771*c/6 - 1/2?
1
Let l(g) = g**3 - 3*g**2 - 6*g + 2. Suppose -23 = -5*o + 37. Suppose 3*x + u = x + o, 3*x = u + 13. What is the tens digit of l(x)?
2
Suppose 0 = -8*f - 39*f + 40232. What is the tens digit of f?
5
Let n(a) = 6*a**2 + 30*a + 32. What is the units digit of n(18)?
6
Suppose 5*h - 1778 = -2*t, 0 = -3*t + 2*h + 3*h + 2667. What is the tens digit of t?
8
Let a(c) = c**3 - 4*c**2 + 7. Let g(p) = 4*p**3 - 15*p**2 - p + 27. Let t(n) = 9*a(n) - 2*g(n). What is the tens digit of t(7)?
7
Suppose -87*u + 85*u + 2460 = 0. What is the hundreds digit of u?
2
Suppose 11*c - 5*c = 3318. What is the units digit of c?
3
Let o be 6/21 + (-10)/(-14) + 1. Suppose -o*j - 3*j = -1225. What is the un